 highest common divisor of b and 8.
8
Let l(p) = -35*p - 35. Let h be l(-9). Let m = h + -270. Calculate the highest common factor of 15 and m.
5
Suppose 20 + 0 = 5*p. Suppose -5 = 3*d - 2, -p*d = -h + 34. Let q = h - 18. What is the greatest common factor of q and 3?
3
Let f(r) = r**2 - r + 4. Let a be f(-5). Let x be ((-14)/6)/(6 + 327/(-54)). Let n be (-1022)/(-12) - 7/x. What is the greatest common factor of n and a?
17
Let b be ((-16)/20)/(-1 - 474/(-470)). Let t = -92 - b. Let s = 14 - t. Calculate the greatest common divisor of 30 and s.
6
Let p be 125 + (112/(-24))/(4/6). What is the highest common factor of p and 9794?
118
Let r(g) = 2*g**3 + 126*g**2 - 7*g - 372. Let m be r(-63). What is the greatest common divisor of m and 51?
3
Suppose -143 = 677*x - 688*x. Suppose 2*g + 3*w - 12 = 0, 5*w = -2*g + g + 13. Let a be x/g - (-4)/(-12). What is the highest common factor of a and 4?
4
Suppose 5*q - 5630 = -5*c, 9*c - 14*c = 2*q - 5612. Calculate the greatest common divisor of 980 and c.
140
Let t be (35/(-1))/(84/(-360)). What is the highest common factor of 6 and t?
6
Let x be (20/6)/1*132. Suppose -4*f = -2*m - 381 + 87, 0 = -m + 3. Suppose 2*p = 3*r + 92, f*p + 2*r - 72 = 73*p. What is the greatest common factor of p and x?
40
Suppose 0 = -4*b - 4*x - 3224, -x = 3*b + 576 + 1840. Let w = b - -1190. What is the greatest common factor of w and 35?
35
Let o(c) = -6*c**2 - 73*c - 7. Let k be o(-18). Let i be (124/(-12))/((-1)/93). Let b = i + k. What is the highest common divisor of b and 36?
36
Let y be (0 + (-4)/(-6))*(-9)/(-2). Suppose 3*q - y*b - 61 = 2*b, 28 = 2*q + 3*b. Calculate the greatest common factor of q and 153.
17
Let u be -12 + 9 + ((-345)/(-9) - 3/9). What is the greatest common divisor of 574 and u?
7
Let w(c) = -11*c**2 - 1 - 34*c + 23*c + 2*c**2 + 12*c**3 - 3 - 9*c**3. Let q be w(5). What is the highest common divisor of q and 104?
13
Suppose -438*f = 48*f - 28188. Suppose -4*q + 1041 = 2*c + c, -520 = -2*q - 2*c. What is the greatest common divisor of f and q?
29
Let k(o) = o**3 + 19*o**2 - 14*o + 134. Let h be k(-20). Let l be (42/18)/((-2)/(-66)). What is the greatest common factor of l and h?
7
Suppose 550 = 4*x - 2*c, 29*c - 113 = -x + 26*c. What is the greatest common factor of 18894 and x?
134
Let w be (-5)/(-10 - -15)*-5. Calculate the highest common divisor of 1315 and w.
5
Let i(s) = 6*s**2 - 9*s + 11. Let b(x) = 11*x**2 - 17*x + 21. Let r(v) = 3*b(v) - 5*i(v). Let z be r(4). What is the highest common divisor of z and 160?
32
Let o be (-65)/((12/(-4))/15). Suppose -2*l = -3*s - 5 - 3, -3*l + 3*s = -21. What is the highest common factor of l and o?
13
Let p(a) = 168*a - 10299. Let h be p(62). Calculate the greatest common factor of 1027 and h.
13
Let y be (-1)/4 + (-356)/(-16). Let m(d) = -d - 11. Let x be (-3)/9 + (-588)/18. Let c be m(x). Calculate the greatest common factor of y and c.
22
Let a(s) be the third derivative of -s**4/4 - 7*s**3/3 + 2*s**2. Let g = -541 - -537. Let o be a(g). What is the highest common divisor of 50 and o?
10
Let a be (2/1)/(7/14). Let j = 35 + 25. Let v = -50 + j. What is the greatest common divisor of a and v?
2
Suppose 3*n - 5*y - 232 = 16506, 0 = 5*y + 40. Calculate the highest common factor of 1210 and n.
242
Suppose -4*o - 32*u + 28*u = -8452, 2114 = o + 2*u. What is the greatest common divisor of o and 99?
33
Suppose 3*z - 13 = 5. Let x be -264 - ((-4)/z)/(16/(-24)). Let o = x + 507. Calculate the greatest common factor of o and 22.
22
Let k(n) = n**3 - 3*n + 2. Suppose -3*f - 1 + 10 = 0. Let i be k(f). Calculate the highest common divisor of 490 and i.
10
Let m be (-42 - 0)*(-432)/84. Suppose 0 = -22*j + 20*j + m. What is the highest common factor of j and 135?
27
Let c(x) be the first derivative of 25*x**2/2 - 2. Let r be c(1). Let q(b) = -37*b + 1136. Let h be q(28). What is the greatest common divisor of h and r?
25
Suppose 2*k - 2*d = 48, 0 = 3*d + 1 - 10. Let b = 15 + k. Calculate the greatest common factor of b and 294.
42
Let d be (18/4)/(3 + 2 + (-31465)/6300). Calculate the greatest common factor of d and 360.
90
Suppose 17 = 3*s + 5. Suppose 3*b - 48 = -3*f - 2*b, 2*b + 64 = s*f. Let w be f/3*27/18. What is the greatest common factor of w and 28?
4
Suppose -177828 = -287*r + 141*r. What is the greatest common divisor of r and 546?
42
Let l = 252 - 249. Suppose 3*v - 948 = -5*r, 527 = l*r - 2*v - 57. Suppose 4*u - 4*a = 15 + 13, 2*a = -u + 22. Calculate the greatest common divisor of r and u.
12
Suppose 0 = 2*r - 137 + 47. Let a = -175 + 174. Let d(o) = -46*o**3 - o**2 + 4*o + 4. Let y be d(a). What is the greatest common divisor of r and y?
45
Let t be (440/56 - 6/(-42))*2. What is the highest common factor of t and 162?
2
Let l = 5387 - 5378. Calculate the highest common factor of l and 19683.
9
Let l be 16/(-80) - (-753)/15. Calculate the highest common factor of l and 2110.
10
Let g = 73 + -228. Let s = 171 + g. What is the greatest common factor of s and 2?
2
Let c(q) = -q**3 + 5*q**2 + 19*q - 71. Let b be c(5). Let w be 14/3 - 2/3. Let o = b - w. What is the highest common divisor of 20 and o?
20
Suppose -4*u = -11*o + 8*o - 6, 2*u - 2*o - 4 = 0. Suppose u = 23*s - 7*s - 416. What is the greatest common divisor of s and 182?
26
Let x = 1835 + -1007. What is the greatest common factor of x and 180?
36
Let b = 3602 - 3591. What is the highest common factor of 8 and b?
1
Suppose -2*r + 74 = j, 0 = 4*r - 8. Calculate the highest common factor of 90 and j.
10
Suppose -5*z + c + 42376 = 0, -3*z + 7405 + 18029 = -2*c. Calculate the greatest common factor of 38 and z.
38
Let w(t) = -t**3 - 12*t**2 - 35*t. Let a = 322 + -330. Let i be w(a). What is the greatest common factor of i and 6?
6
Suppose 0 = -14*v + 11*v + 15. Suppose 2*k + y - 6 - 54 = 0, v*k = -2*y + 150. What is the highest common factor of 130 and k?
10
Let d be ((-20)/6)/(-1)*210/175. Suppose d*m = 1390 - 334. Suppose 86 = 3*j + 14. What is the greatest common divisor of j and m?
24
Let v(q) = q**2 - 10*q + 22. Let a be v(3). Suppose 3*w + a = 2*y - 20, 4*y = 5*w + 39. What is the highest common divisor of y and 141?
3
Suppose 309*p = 312*p - 15. Suppose -6*v + p*v + 1 = 0. Let a(g) = g**2 + 4*g - 3. Let z be a(-5). Calculate the highest common divisor of v and z.
1
Let p(u) = -u**3 + 15*u**2 - 33*u - 9. Suppose -9*y + 230 = 14*y. Let o be p(y). Calculate the greatest common factor of 69 and o.
23
Let l = -136 + 144. Let r(q) = 7*q**2 + 12*q - 13. Let v be r(1). What is the greatest common divisor of v and l?
2
Suppose -3*r = -3*x - 0*x - 168, 2*x = -10. Suppose -4*g = -n - 3*g + r, 0 = -4*g. Calculate the greatest common factor of 136 and n.
17
Suppose 4*n - 12880 = -16*n. Let b = 1031 - n. Calculate the greatest common divisor of 43 and b.
43
Let r = 104 + 21. Let f = 135 + -110. Calculate the greatest common factor of r and f.
25
Let z = 542 - 546. Let l be 1/(z*(-3)/1428). What is the highest common factor of l and 7?
7
Let j be (-11 - (-1134)/102) + (-14480)/(-34). What is the greatest common factor of j and 1562?
142
Suppose 0 = -24*t + 30*t + 3090. Let v = t + 526. Calculate the greatest common factor of v and 2.
1
Let c(n) = -22*n + 4. Let b be ((-2)/(-8)*-2)/(1/2). Let d be c(b). Suppose -j + 199 = 3*u, -4*u - 10 = 2. Calculate the greatest common factor of j and d.
26
Let z(p) = -p**3 + 4*p**2 - 3*p + 6. Let y be z(5). Let a = y - -38. Suppose -a*w + 75 = w. Calculate the greatest common factor of 105 and w.
15
Suppose -2*p = 3*d - 2 + 5, 3*d + 6 = -3*p. Let r = 144 + -139. Suppose -2*h - 2*i = 4, -5*i = r*h - i + 7. What is the highest common factor of d and h?
1
Suppose 16*z = -z + 17. Let f be (z + -4 + 4 + -2)*-37. What is the highest common factor of f and 259?
37
Suppose -141*g = -2445 - 11839 - 8558. Calculate the highest common divisor of g and 999.
27
Suppose -8*j = -5*h - 3*j - 1025, -4*h - j - 825 = 0. Let d = 18 - h. What is the greatest common divisor of 32 and d?
32
Let o = 2758 - 1181. What is the highest common factor of 913 and o?
83
Suppose -5*a - 5*j + 10*j + 190 = 0, 0 = -2*a - 5*j + 34. What is the greatest common factor of 1528 and a?
8
Let a(p) = p**3 + 39*p**2 + 47*p - 105. Let b be a(-37). Calculate the highest common factor of b and 42.
6
Suppose -1 = 3*m - 22